f j.
3, 13
Let l(t) = -t**3 - 7*t**2 - 8*t + 5. Let b be l(-7). Let i = 125 - b. What are the prime factors of i?
2
Suppose 2*v = -5 - 1. Let j be (-2 + 10)/(v/(-42)). What are the prime factors of -1 - (-9)/(36/j)?
3
Let t(j) be the first derivative of -j**5/60 + 13*j**4/24 - j**3 - 3*j**2 - 5. Let u(g) be the second derivative of t(g). List the prime factors of u(11).
2
Let r(b) = b**3 - 9*b**2 - 25*b + 21. Let a be r(11). Suppose 0 = 4*z - 0*g + g + 69, -g + 39 = -2*z. Let c = a - z. What are the prime factors of c?
2, 3
Let d = -4 - -8. Let q(t) = 4*t**2 - t - 2. Let i be q(d). Suppose l + i = 2*f - 4*l, -l + 70 = 2*f. List the prime factors of f.
2, 17
Let g be (-6)/(-10) - 1 - 1127/(-5). Let n = g - 132. List the prime factors of n.
3, 31
List the prime factors of 3/(-3 + (-5820)/(-5802) + 2).
967
Suppose -5*n - 6 = -16. Suppose 203 = r + n*s, 5*r - 1015 = -11*s + 13*s. List the prime factors of r.
7, 29
Let z be 6*(-3 + 6)/9*4. Let n(a) = -2*a**3 + 15*a**2 + 9*a + 10. List the prime factors of n(z).
2, 3
Let h = 528 + -193. What are the prime factors of h?
5, 67
Let q = -67 + 70. What are the prime factors of (-4)/(40/(-15) + 2/q)?
2
Suppose 23*k = 13*k + 5910. What are the prime factors of k?
3, 197
Suppose p - 18 = n + 33, 5*p = -3*n + 231. Let r be (-2 + 13)/(1/2). Suppose -r = -y - z, 0 = y + y - 2*z - p. What are the prime factors of y?
23
Let k(s) = -s**3 - 6*s**2 - 2*s - 3. Let x be k(-6). Suppose 0 = x*b - 3*b - 36. List the prime factors of b.
2, 3
Suppose 9*s - 13*s = 4*t - 1052, -3*s + 1321 = 5*t. List the prime factors of t.
2, 7, 19
Let f(c) = -23*c + 98. List the prime factors of f(-13).
397
List the prime factors of 42135/35 - 32/(-28).
5, 241
Suppose 6*v = 4*v + 5*w - 298, -v - 5*w = 149. Let r = v + 305. What are the prime factors of r?
2, 3, 13
Suppose -16*s - 110 = -17*s. What are the prime factors of (s/(-15) - -8) + 728/6?
2, 61
Let k = 25 - 10. List the prime factors of (1 + -121)*k/(-12).
2, 3, 5
Let n(g) = -7*g**2 - 3*g + 2. Let r be n(1). Let x be (-30)/20 + 7/2. What are the prime factors of 39 - x/r*0?
3, 13
Let c(y) = y**2 + 14*y + 18. Suppose 47 + 5 = -4*g. Let k be c(g). Suppose -t - k*a - 5 = -13, 5*t - 94 = 2*a. List the prime factors of t.
2, 3
Let n be 0 - (-9 + 2/2). Suppose j + 4 = n. Suppose 153 = 3*t + j*u, -48 - 207 = -5*t - u. What are the prime factors of t?
3, 17
Let m(j) = -j**3 - 3*j**2 + 4*j + 3. Let q be m(-4). Let a = 2 + q. Suppose a*f - 50 = 65. List the prime factors of f.
23
Suppose 28 = -8*w + 10*w. What are the prime factors of (1 - (-10)/(-2)) + w?
2, 5
Let q = 236 - 218. Let v be -9*(0 - (0 - -1)). Let u = q - v. List the prime factors of u.
3
Let t(h) = 8*h - 2. Let k be t(-1). List the prime factors of ((-654)/k)/1 - 3/(-5).
2, 3, 11
List the prime factors of (0 + -10)/((-3)/270).
2, 3, 5
Suppose 0 = -5*f + 5*l + 5645, 8*f + 4*l = 6*f + 2270. List the prime factors of f.
3, 13, 29
Let j(t) = -t**3 + 7*t**2 + 5*t - 5. Let v be j(4). What are the prime factors of v + -1 + (-2)/(-2)?
3, 7
Suppose -7 - 3 = 5*v. Let p be (-1)/v + (-20)/(-8). Suppose l - 4*l + 33 = -p*b, -5*l = -2*b - 55. What are the prime factors of l?
11
List the prime factors of ((-18)/15)/((110/(-31225))/11).
3, 1249
Let d = 4767 - 2644. What are the prime factors of d?
11, 193
List the prime factors of ((-120)/180)/((-2)/507).
13
Suppose 4*u = 5*b + 118, 2*u - 14 = b + 6. Suppose -7 = s + 7. Let p = s - b. What are the prime factors of p?
2, 3
Suppose 4*k - 26 = -10. Suppose -k - 2 = -2*x. Suppose -4*q + 2*p + 18 = 0, 7*q = 4*q + x*p + 9. What are the prime factors of q?
2, 3
Let t = 22 + -9. Suppose 5*s - t = -4*g, -g + 5*s = 2 + 1. Suppose 4*b = -3*j + 2*j + 24, -j - g*b = -14. What are the prime factors of j?
2
Suppose 2*m - 1 = 5. Let w(r) = -7*r - 59. Let q be w(-9). Suppose -109 = -q*t + m. What are the prime factors of t?
2, 7
Suppose -3*k = -0*k + 2*b - 1466, k - 3*b - 474 = 0. What are the prime factors of k?
2, 3
Suppose -8*z = -p - 13*z + 1297, 5*z - 10 = 0. What are the prime factors of p?
3, 11, 13
Suppose -47*f = -6370 - 2513. List the prime factors of f.
3, 7
Suppose 687 = 8*h - 1313. What are the prime factors of h?
2, 5
Let o = -52 + 44. Let v = o - -21. List the prime factors of v.
13
Suppose 4 = -j + 5*j - 4*m, -2 = j + 2*m. Suppose 0 = -j*x - x - 85. Let h = -16 - x. What are the prime factors of h?
3, 23
Let z(h) = 13*h**2 - 2. Let j be z(-2). Suppose 2*w - j = 7*w. Let m = w - -55. What are the prime factors of m?
3, 5
Let l(g) = g - 3. Let z be l(13). Suppose 2*w + 0*u - 8 = -u, w = 3*u - z. Suppose -w*v + 9 + 3 = 0. What are the prime factors of v?
2, 3
Let z = 4785 + -3300. List the prime factors of z.
3, 5, 11
Let j = 721 - 272. Let b = -240 + j. What are the prime factors of b?
11, 19
Suppose 0 = v - 1, 1 = 2*g + 3*v - 8. Suppose -m = -g*c + 159, -4*c = -8*c + 5*m + 212. List the prime factors of c.
53
Let m(a) = 3*a**2 - 35*a - 121. List the prime factors of m(-25).
11, 239
Let s(f) = -19*f + 3. Let p be s(-3). Let z = 97 - p. What are the prime factors of z?
37
Suppose 3*h - 11 = a - 2*a, -4*a - 4*h + 28 = 0. Suppose 0 = -3*f + 4*f - a*i - 134, 3*i = -12. Suppose 0 = -5*w + 2*w + f. List the prime factors of w.
2, 19
Let l = -99 - -553. What are the prime factors of l?
2, 227
Suppose 27*t - 37*t + 3990 = 0. List the prime factors of t.
3, 7, 19
Suppose -3*m - 35 = -6*m - 5*y, m - 9 = -y. Suppose 127 = -m*z - 38. What are the prime factors of 1/6*-4*z?
2, 11
Suppose -v + 497 = -4*y, -5*v + 2*y + 557 + 1946 = 0. What are the prime factors of v?
3, 167
Let t = -49 + 364. Let i(l) = l**3 + 2*l**2 + l + 4. Let a be i(0). Suppose -z = a*z - t. List the prime factors of z.
3, 7
Suppose -5*b - 3 = 2. Let l be (-3 - (b - 19)) + 4. Suppose -l = 8*o - 9*o. What are the prime factors of o?
3, 7
Let r(n) = n**2 - 6*n + 8. Let b be r(5). Suppose b*s - 118 = 41. List the prime factors of s.
53
Let l = -10 + 14. Suppose l*f - 78 = 2*p + 176, -2*p - 193 = -3*f. What are the prime factors of f?
61
Suppose p = -3*m + 6845, 3*m - 3*p - 559 = 6266. Suppose -2*i = 10*i - m. List the prime factors of i.
2, 5, 19
Suppose -3*v - 1694 = 4*v. Let b = -142 - v. List the prime factors of b.
2, 5
Suppose -5*u = -4*o + 237, 4*u + 174 = -o - o. List the prime factors of 3/(-5)*u/1.
3
Let o(u) be the second derivative of u**4/6 - u**3/6 + u**2 - u. Suppose -3*r + 4 = -5, s = r - 5. What are the prime factors of o(s)?
2, 3
Let o(s) be the third derivative of 7*s**5/60 - s**4/4 + 7*s**3/6 + 20*s**2. Suppose -y + 2 = -1. List the prime factors of o(y).
2, 13
Let p = -6 - -10. Suppose -g - p = 1. List the prime factors of -7*(g + 9/3).
2, 7
Let k = -31 - -51. Suppose -4*a = 4*s + 16, 5*a = -s - 0*s - k. Suppose -2*b - 5*f + 26 = s, 2*b - 3*f = -b + 81. What are the prime factors of b?
23
Suppose p + 0*p + 5 = 0, 0 = -4*b - p - 209. What are the prime factors of 2/6 - b/9?
2, 3
What are the prime factors of -9 + (-1 - (-56 - -1))?
3, 5
Let n(s) = -4 - 2*s**2 - 4*s - 7 - 4*s**2 + 2*s - s**3. List the prime factors of n(-7).
2, 13
Let h be 3 + (-49)/17 + (-9837)/(-51). Let k = 410 - h. List the prime factors of k.
7, 31
Suppose f - 48 = -3*f. Suppose -4*d + 10*d = f. List the prime factors of (-784)/(-20) + d/(-10).
3, 13
Let z(u) = -2*u + 8 - 1 + 3*u + 4*u. List the prime factors of z(9).
2, 13
Let h = -666 + 1298. What are the prime factors of h?
2, 79
Let b(w) be the second derivative of -67*w**3/3 - 15*w**2/2 - 36*w. What are the prime factors of b(-2)?
11, 23
Suppose -6*q - 3*m + 69 = -4*q, -q + 5*m + 41 = 0. Let t = -298 - -283. Let f = q + t. What are the prime factors of f?
3, 7
Suppose -16*o = -8*o - 24. Suppose -327 = -2*c + t, 0 = -2*c - 3*c - o*t + 812. What are the prime factors of c?
163
Let k(w) be the second derivative of w**5/20 + w**3/3 + 59*w**2 + 7*w. What are the prime factors of k(0)?
2, 59
Let v(u) = -19*u**3 - 3*u**2 + 3*u - 5. Suppose 0 = -4*s + 7*s - 6. Let l be v(s). Let j = -98 - l. What are the prime factors of j?
5, 13
Suppose g - 1349 - 930 = -4*c, 0 = 2*c + 5*g - 1135. List the prime factors of c.
2, 3, 5, 19
Let q(d) = 183*d**2 + 6*d - 5. What are the prime factors of q(1)?
2, 23
Let n be -2 - (3 + -3)/5. Suppose 5*f = -39 + 9. List the prime factors of (f/(-8))/(n/(-64)).
2, 3
Let i(t) 